{"id":2189,"date":"2020-06-04T10:34:39","date_gmt":"2020-06-04T10:34:39","guid":{"rendered":"https:\/\/jthemes.net\/themes\/wp\/immiex\/unittest\/?page_id=2189"},"modified":"2025-04-27T22:22:12","modified_gmt":"2025-04-27T22:22:12","slug":"homepage-02","status":"publish","type":"page","link":"https:\/\/vizealmanya.net\/","title":{"rendered":"Homepage 02"},"content":{"rendered":"<div class=\"wpb-content-wrapper\"><p>[vc_section full_width=&#8221;container-wide&#8221; section_type=&#8221;hero&#8221; hero_type=&#8221;2&#8243; bg_class=&#8221;bg-tra&#8221; parallax_image_attachment=&#8221;inherit&#8221; padding_class=&#8221;&#8221;][vc_row][vc_column][immiex_hero_slider style=&#8221;slider&#8221;]<li class=\"\">\r\n            <img decoding=\"async\" src=\"https:\/\/vizealmanya.net\/wp-content\/uploads\/2025\/04\/hero-bg1-min.jpg\" loading=\"lazy\" alt=\"slide-background\">\r\n                <div id=\"bir\" class=\"slide caption d-flex align-items-center left-align  wow perch-fadeInUp fadeInUp text-left\" data-wow-delay=\"300ms\" data-wow-duration=\"1200ms\">\r\n                    <div class=\"container\">\r\n                        <div class=\"row\">\r\n                            <div class=\"col-md-9 col-lg-7\">\r\n                                <div class=\"caption-txt\">\r\n                                    <h3 class=\"Default h3-xl none\">Vize \u0130\u015flemlerinizi<\/h3>         \r\n                                    <h2 class=\"darkblue-color none\">HEMEN BA\u015eLATIN<\/h2>\r\n                                    <h4 class=\"Default h4-md none\">Vize ba\u015fvurunuz i\u00e7in bizi arayarak kolayca bilgi edinin.<\/h4>\r\n                                    \r\n                                    \r\n                                          \r\n                                <\/div>\r\n                            <\/div>\r\n                            <\/div>  <!-- End row -->\r\n                        <\/div>  <!-- End container -->\r\n                <\/div>  <!-- End Image Caption -->    \r\n            <\/li><li class=\"\">\r\n            <img decoding=\"async\" src=\"https:\/\/vizealmanya.net\/wp-content\/uploads\/2025\/04\/bg2-2.jpg\" loading=\"lazy\" alt=\"slide-background\">\r\n                <div class=\"caption d-flex align-items-center white-color  wow perch-fadeInUp fadeInUp text-right\" data-wow-delay=\"300ms\" data-wow-duration=\"1200ms\">\r\n                    <div class=\"container\">\r\n                        <div class=\"row\">\r\n                            <div class=\"col-md-9 col-lg-7 offset-md-3 offset-lg-5\">\r\n                                <div class=\"caption-txt\">\r\n                                    <h3 class=\"black-color h3-xl none\">Yurt D\u0131\u015f\u0131<\/h3>         \r\n                                    <h2 class=\"lightblue-color none\">Vize<\/h2>\r\n                                    <h4 class=\"skyblue-color h4-md none\">Yurt D\u0131\u015f\u0131 Vize Ba\u015fvurunuzu Sorunsuz Tamamlayin<\/h4>\r\n                                    \r\n                                    \r\n                                          \r\n                                <\/div>\r\n                            <\/div>\r\n                            <\/div>  <!-- End row -->\r\n                        <\/div>  <!-- End container -->\r\n                <\/div>  <!-- End Image Caption -->    \r\n            <\/li>[\/immiex_hero_slider][\/vc_column][\/vc_row][\/vc_section][vc_section section_type=&#8221;about&#8221; about_type=&#8221;3&#8243; bg_class=&#8221;bg-tra&#8221; parallax_image_attachment=&#8221;inherit&#8221; padding_class=&#8221;&#8221;][vc_row][vc_column]\r\n<div class=\"abox-3-holder  wow perch-fadeInUp fadeInUp\" data-wow-delay=\"300ms\" data-wow-duration=\"1200ms\">\r\n\t<div class=\"row d-flex align-items-center\">\r\n\t\t\r\n\r\n\t\t<div class=\"col-lg-4\">\r\n\t\t\t<div class=\"abox-3 icon-sm\">\r\n\r\n\t\t\t\t<!-- Icon -->\r\n\t\t\t\t<div class=\"abox-3-icon custom-color\"><span class=\"flaticon-375-checked\"><\/span><\/div>\t\r\n\t\t\t\t\t\r\n\t\t\t\t<!-- Text -->\r\n\t\t\t\t<div class=\"abox-3-txt\">\r\n\r\n\t\t\t\t\t\t\t\t\t\t\t<h5 class=\"h5-md\">Evraklar\u0131n Haz\u0131rlanmas\u0131<\/h5>\r\n\t\t\t\t\t\t<p>Deneyimli kadromuz sizin i\u00e7in vize ba\u015fvuru evraklar\u0131n\u0131 haz\u0131rlar ve ba\u015fvuru s\u00fcrecine ge\u00e7ilir.<\/p>\r\n\t\t\t\t\t\t\t\t\t\t<\/div>\r\n\r\n\t\t\t<\/div>\r\n\t\t<\/div><!-- ABOUT BOX  -->\t\t\t\t\t\r\n\t\t\r\n\r\n\t\t<div class=\"col-lg-4\">\r\n\t\t\t<div class=\"abox-3 icon-sm\">\r\n\r\n\t\t\t\t<!-- Icon -->\r\n\t\t\t\t<div class=\"abox-3-icon custom-color\"><span class=\"flaticon-431-bank\"><\/span><\/div>\t\r\n\t\t\t\t\t\r\n\t\t\t\t<!-- Text -->\r\n\t\t\t\t<div class=\"abox-3-txt\">\r\n\r\n\t\t\t\t\t\t\t\t\t\t\t<h5 class=\"h5-md\">Konsolosluk Randevusu<\/h5>\r\n\t\t\t\t\t\t<p>Ba\u015fvuru i\u015flemleri i\u00e7in sizin ad\u0131n\u0131za randevu g\u00fcn\u00fc belirleriz.<\/p>\r\n\t\t\t\t\t\t\t\t\t\t<\/div>\r\n\r\n\t\t\t<\/div>\r\n\t\t<\/div><!-- ABOUT BOX  -->\t\t\t\t\t\r\n\t\t\r\n\r\n\t\t<div class=\"col-lg-4\">\r\n\t\t\t<div class=\"abox-3 icon-sm\">\r\n\r\n\t\t\t\t<!-- Icon -->\r\n\t\t\t\t<div class=\"abox-3-icon custom-color\"><span class=\"flaticon-141-invoice\"><\/span><\/div>\t\r\n\t\t\t\t\t\r\n\t\t\t\t<!-- Text -->\r\n\t\t\t\t<div class=\"abox-3-txt\">\r\n\r\n\t\t\t\t\t\t\t\t\t\t\t<h5 class=\"h5-md\">Ba\u015fvurunun Tamamlanmas\u0131<\/h5>\r\n\t\t\t\t\t\t<p>Vize ba\u015fvurunuz en do\u011fru \u015fekilde sorunsuz olarak tamamlan\u0131r.<\/p>\r\n\t\t\t\t\t\t\t\t\t\t<\/div>\r\n\r\n\t\t\t<\/div>\r\n\t\t<\/div><!-- ABOUT BOX  -->\t\t\t\t\t\r\n\t\t\t<\/div>    <!-- End row -->\r\n<\/div>[\/vc_column][\/vc_row][\/vc_section][vc_section bg_class=&#8221;bg-tra&#8221; parallax_image_attachment=&#8221;fixed&#8221; padding_class=&#8221;&#8221; el_id=&#8221;cta-4&#8243; el_class=&#8221;cta-section division&#8221;][vc_row parallax_image_attachment=&#8221;inherit&#8221;][vc_column]<div class=\"white-color  wow perch-fadeInUp fadeInUp\" data-wow-delay=\"300ms\" data-wow-duration=\"1200ms\">\r\n\t<div  class=\"row\">\r\n\r\n\r\n\t\t<!-- CALL TO ACTION TEXT -->\r\n\t\t<div class=\"col-md-8 col-lg-7 offset-md-4 offset-lg-5\">\t\t\t\t\t\t\r\n\r\n\t\t\t\t<!-- Title  -->\r\n\t\t\t\t\t\t\t\t\t<div class=\"cta-txt\">\r\n\t\t\t\t\t<h3 class=\"Default h3-xl none\">Profesyonel Vize Hizmetleri<\/h3><!-- Title -->\r\n\t\t\t\t\t<p class=\"Default p-lg none\">Profesyonel vize hizmetleri kapsam\u0131nda hangi \u00fclkeye seyahat etmek isterseniz, kolayl\u0131kla tamamlayabilmeniz i\u00e7in en do\u011fru ve sade \u015fekilde sizin i\u00e7in \u00e7al\u0131\u015f\u0131yoruz. \u0130nternet ortam\u0131ndaki kirli bilgiden \u00e7ok, tecr\u00fcbeli dan\u0131\u015fmanlar\u0131m\u0131z e\u015fli\u011finde yap\u0131lan t\u00fcm ba\u015fvurular i\u00e7in yan\u0131n\u0131zday\u0131z.<\/p><!-- Text -->\r\n\t\t\t\t\t<div class=\"stores-badge\">\r\n                <a target=\"_blank\"  href=\"mailto:youremail@mail.com\"  title=\"Ba\u015fvuru Yap\"  class=\"btn btn-tra-white tra-hover btn-md primary-hover store btn-type-light\"><span>Ba\u015fvuru Yap<\/span><\/a>\r\n                \r\n            <\/div><!-- Button  -->\r\n\t\t\t\t\t<\/div>\r\n\t\t\t\t\t\t\t\r\n\t\t<\/div>\r\n\t\t\r\n\t<\/div>\t  <!-- End row -->\r\n<\/div>[\/vc_column][\/vc_row][\/vc_section][vc_row][vc_column][immiex_post_type_template visa_style=&#8221;4&#8243;][\/vc_column][\/vc_row][vc_section section_type=&#8221;about&#8221; about_type=&#8221;1&#8243; bg_class=&#8221;bg-tra&#8221; parallax_image_attachment=&#8221;inherit&#8221; css=&#8221;.vc_custom_1745594564155{background-image: url(https:\/\/vizealmanya.net\/wp-content\/uploads\/2025\/04\/vize-basvuru-arkaplan1-min.jpg?id=2661) !important;background-position: center !important;background-repeat: no-repeat !important;background-size: cover !important;}&#8221;][vc_row][vc_column width=&#8221;1\/2&#8243;]\r\n        <div class=\"mb-40  about-1-txt pc-20  wow perch-fadeInUp fadeInUp\" data-wow-delay=\"300ms\" data-wow-duration=\"1200ms\"> \r\n        \t\r\n                     \r\n            <h3 class=\"white-color h3-lg none\">Vize i\u015flemlerinizi hemen ba\u015flat\u0131n<\/h3>\r\n            <p class=\"white-color none\">Vize ba\u015fvurunuz i\u00e7in bizi arayarak kolayca bilgi edinin.<\/p> \r\n             \r\n            <div class=\"\">\r\n                    \r\n                <\/div>\r\n                        \r\n                        \r\n            \r\n             \r\n                       \r\n                        \r\n                  \r\n        <\/div>[\/vc_column][vc_column width=&#8221;1\/2&#8243;]\n<div class=\"wpcf7 no-js\" id=\"wpcf7-f293-o1\" lang=\"en-US\" dir=\"ltr\" data-wpcf7-id=\"293\">\n<div class=\"screen-reader-response\"><p role=\"status\" aria-live=\"polite\" aria-atomic=\"true\"><\/p> <ul><\/ul><\/div>\n<form action=\"\/index.php?rest_route=%2Fwp%2Fv2%2Fpages%2F2189#wpcf7-f293-o1\" method=\"post\" class=\"wpcf7-form init\" aria-label=\"Contact form\" novalidate=\"novalidate\" data-status=\"init\">\n<div style=\"display: none;\">\n<input type=\"hidden\" name=\"_wpcf7\" value=\"293\" \/>\n<input type=\"hidden\" name=\"_wpcf7_version\" value=\"6.0.6\" \/>\n<input type=\"hidden\" name=\"_wpcf7_locale\" value=\"en_US\" \/>\n<input type=\"hidden\" name=\"_wpcf7_unit_tag\" value=\"wpcf7-f293-o1\" \/>\n<input type=\"hidden\" name=\"_wpcf7_container_post\" value=\"0\" \/>\n<input type=\"hidden\" name=\"_wpcf7_posted_data_hash\" value=\"\" \/>\n<\/div>\n<div id=\"hero-form\" class=\"text-center mb-40\">\n\t<div class=\"row hero-request-form bg-darkblue\">\n\t\t<div class=\"col-md-12 white-color\">\n\t\t\t<h5 class=\"h5-lg\">Biz Sizi Arayal\u0131m\n\t\t\t<\/h5>\n\t\t<\/div>\n\t\t<div id=\"input-name\" class=\"col-md-12\">\n\t\t\t<p><span class=\"wpcf7-form-control-wrap\" data-name=\"your-name\"><input size=\"40\" maxlength=\"400\" class=\"wpcf7-form-control wpcf7-text wpcf7-validates-as-required form-control name\" aria-required=\"true\" aria-invalid=\"false\" placeholder=\"Ad\u0131n\u0131z Soyad\u0131n\u0131z\" value=\"\" type=\"text\" name=\"your-name\" \/><\/span>\n\t\t\t<\/p>\n\t\t<\/div>\n\t\t<div id=\"input-email\" class=\"col-md-12\">\n\t\t\t<p><span class=\"wpcf7-form-control-wrap\" data-name=\"your-email\"><input size=\"40\" maxlength=\"400\" class=\"wpcf7-form-control wpcf7-email wpcf7-validates-as-required wpcf7-text wpcf7-validates-as-email form-control email\" aria-required=\"true\" aria-invalid=\"false\" placeholder=\"E-posta Adresiniz\" value=\"\" type=\"email\" name=\"your-email\" \/><\/span>\n\t\t\t<\/p>\n\t\t<\/div>\n\t\t<div id=\"input-phone\" class=\"col-md-12\">\n\t\t\t<p><span class=\"wpcf7-form-control-wrap\" data-name=\"phone\"><input size=\"40\" maxlength=\"400\" class=\"wpcf7-form-control wpcf7-tel wpcf7-validates-as-required wpcf7-text wpcf7-validates-as-tel form-control phone\" aria-required=\"true\" aria-invalid=\"false\" value=\"Enter Your Phone Number\" type=\"tel\" name=\"phone\" \/><\/span>\n\t\t\t<\/p>\n\t\t<\/div>\n\t\t<div id=\"input-visa\" class=\"col-md-12 input-visa\">\n\t\t\t<p><span class=\"wpcf7-form-control-wrap visa\"><select class=\"wpcf7-form-control wpcf7-select wpcf7-validates-as-required custom-select visa\" name=\"visa\"><option value=\"Visa For\">Visa For<\/option><option value=\"Australia\">Australia<\/option><option value=\"Canada\">Canada<\/option><option value=\"United Kingdom\">United Kingdom<\/option><option value=\"USA\">USA<\/option><option value=\"Singapore\">Singapore<\/option><option value=\"Netherlands\">Netherlands<\/option><\/select><\/span>\n\t\t\t<\/p>\n\t\t<\/div>\n\t\t<div class=\"col-md-12 form-btn\">\n\t\t\t<p><input class=\"wpcf7-form-control wpcf7-submit has-spinner btn btn-primary tra-white-hover submit\" type=\"submit\" value=\"Talebi G\u00f6nder\" \/>\n\t\t\t<\/p>\n\t\t\t<div class=\"white-color\">\n\t\t\t<div class=\"wpcf7-response-output\" aria-hidden=\"true\"><\/div>\n\t\t\t<\/div>\n\t\t<\/div>\n\t<\/div>\n<\/div>\n<\/form>\n<\/div>\n[\/vc_column][\/vc_row][\/vc_section][vc_section bg_class=&#8221;bg-tra&#8221; parallax_image_attachment=&#8221;inherit&#8221; el_id=&#8221;statistic-1&#8243; el_class=&#8221;bg-image statistic-section division white-color&#8221; css=&#8221;.vc_custom_1745596529672{margin-top: 20px !important;}&#8221;][vc_row][vc_column width=&#8221;1\/4&#8243;]\r\n        <div class=\"statistic-block icon-sm  wow perch-fadeInUp fadeInUp text-center\" data-wow-delay=\"300ms\" data-wow-duration=\"1200ms\"> \r\n                <div class=\"white-color-icon b-icon box-icon-md\"><span class=\"flaticon-316-mortarboard white-color\"><\/span><\/div>          \r\n                <h5 class=\"Default none statistic-number txt-700\"><span class=\"count-element\">820<\/span>+<\/h5>                \r\n                <p class=\"Default p-md none\">\u00d6\u011frenci<\/p>\r\n                                \r\n        <\/div>[\/vc_column][vc_column width=&#8221;1\/4&#8243;]\r\n        <div class=\"statistic-block icon-sm  wow perch-fadeInUp fadeInUp text-center\" data-wow-delay=\"300ms\" data-wow-duration=\"1200ms\"> \r\n                <div class=\"white-color-icon b-icon box-icon-md\"><span class=\"flaticon-431-bank white-color\"><\/span><\/div>          \r\n                <h5 class=\"Default none statistic-number txt-700\"><span class=\"count-element\">127<\/span><\/h5>                \r\n                <p class=\"Default p-md none\">\u00c7al\u0131\u015fma Vizesi<\/p>\r\n                                \r\n        <\/div>[\/vc_column][vc_column width=&#8221;1\/4&#8243;]\r\n        <div class=\"statistic-block icon-sm  wow perch-fadeInUp fadeInUp text-center\" data-wow-delay=\"300ms\" data-wow-duration=\"1200ms\"> \r\n                <div class=\"white-color-icon b-icon box-icon-md\"><span class=\"flaticon-285-internet-2 white-color\"><\/span><\/div>          \r\n                <h5 class=\"Default none statistic-number txt-700\"><span class=\"count-element\">81<\/span><\/h5>                \r\n                <p class=\"Default p-md none\">\u00dclke<\/p>\r\n                                \r\n        <\/div>[\/vc_column][vc_column width=&#8221;1\/4&#8243;]\r\n        <div class=\"statistic-block icon-sm  wow perch-fadeInUp fadeInUp text-center\" data-wow-delay=\"300ms\" data-wow-duration=\"1200ms\"> \r\n                <div class=\"white-color-icon b-icon box-icon-md\"><span class=\"flaticon-032-user-3 white-color\"><\/span><\/div>          \r\n                <h5 class=\"Default none statistic-number txt-700\"><span class=\"count-element\">969<\/span><\/h5>                \r\n                <p class=\"Default p-md none\">Ba\u015far\u0131<\/p>\r\n                                \r\n        <\/div>[\/vc_column][\/vc_row][\/vc_section]<\/p>\n<\/div>","protected":false},"excerpt":{"rendered":"<p>[vc_section full_width=&#8221;container-wide&#8221; section_type=&#8221;hero&#8221; hero_type=&#8221;2&#8243; bg_class=&#8221;bg-tra&#8221; parallax_image_attachment=&#8221;inherit&#8221; padding_class=&#8221;&#8221;][vc_row][vc_column][immiex_hero_slider style=&#8221;slider&#8221;][\/immiex_hero_slider][\/vc_column][\/vc_row][\/vc_section][vc_section section_type=&#8221;about&#8221; about_type=&#8221;3&#8243; bg_class=&#8221;bg-tra&#8221; parallax_image_attachment=&#8221;inherit&#8221; padding_class=&#8221;&#8221;][vc_row][vc_column][\/vc_column][\/vc_row][\/vc_section][vc_section bg_class=&#8221;bg-tra&#8221; parallax_image_attachment=&#8221;fixed&#8221; padding_class=&#8221;&#8221; el_id=&#8221;cta-4&#8243; el_class=&#8221;cta-section division&#8221;][vc_row parallax_image_attachment=&#8221;inherit&#8221;][vc_column][\/vc_column][\/vc_row][\/vc_section][vc_row][vc_column][immiex_post_type_template visa_style=&#8221;4&#8243;][\/vc_column][\/vc_row][vc_section section_type=&#8221;about&#8221; about_type=&#8221;1&#8243; bg_class=&#8221;bg-tra&#8221; parallax_image_attachment=&#8221;inherit&#8221; css=&#8221;.vc_custom_1745594564155{background-image: url(https:\/\/vizealmanya.net\/wp-content\/uploads\/2025\/04\/vize-basvuru-arkaplan1-min.jpg?id=2661) !important;background-position: center !important;background-repeat: no-repeat !important;background-size: cover !important;}&#8221;][vc_row][vc_column width=&#8221;1\/2&#8243;][\/vc_column][vc_column width=&#8221;1\/2&#8243;][\/vc_column][\/vc_row][\/vc_section][vc_section bg_class=&#8221;bg-tra&#8221; parallax_image_attachment=&#8221;inherit&#8221; el_id=&#8221;statistic-1&#8243; el_class=&#8221;bg-image&#8230;<\/p>\n","protected":false},"author":1,"featured_media":0,"parent":0,"menu_order":0,"comment_status":"closed","ping_status":"closed","template":"","meta":{"footnotes":""},"class_list":["post-2189","page","type-page","status-publish","hentry","no-post-thumbnail"],"post_mailing_queue_ids":[],"_links":{"self":[{"href":"https:\/\/vizealmanya.net\/index.php?rest_route=\/wp\/v2\/pages\/2189","targetHints":{"allow":["GET"]}}],"collection":[{"href":"https:\/\/vizealmanya.net\/index.php?rest_route=\/wp\/v2\/pages"}],"about":[{"href":"https:\/\/vizealmanya.net\/index.php?rest_route=\/wp\/v2\/types\/page"}],"author":[{"embeddable":true,"href":"https:\/\/vizealmanya.net\/index.php?rest_route=\/wp\/v2\/users\/1"}],"replies":[{"embeddable":true,"href":"https:\/\/vizealmanya.net\/index.php?rest_route=%2Fwp%2Fv2%2Fcomments&post=2189"}],"version-history":[{"count":34,"href":"https:\/\/vizealmanya.net\/index.php?rest_route=\/wp\/v2\/pages\/2189\/revisions"}],"predecessor-version":[{"id":2690,"href":"https:\/\/vizealmanya.net\/index.php?rest_route=\/wp\/v2\/pages\/2189\/revisions\/2690"}],"wp:attachment":[{"href":"https:\/\/vizealmanya.net\/index.php?rest_route=%2Fwp%2Fv2%2Fmedia&parent=2189"}],"curies":[{"name":"wp","href":"https:\/\/api.w.org\/{rel}","templated":true}]}}